 remainder when ((-3)/l)/((-2)/948) is divided by 32?
30
Suppose z + 5*a = 8, -a + 16 = 5*z - 0*z. Suppose 27 = -5*v - z*q, -7 + 0 = 5*v - 2*q. Calculate the remainder when 34/(-3 - (-1 + v)) is divided by 9.
7
Let c be 8/(-48) + 2/12. Suppose -g - u = -22 - 72, c = 3*g + 2*u - 282. What is the remainder when g is divided by 24?
22
Let x(g) = 102*g - 271. Calculate the remainder when 94 is divided by x(3).
24
Let g be (-6)/5 - (-4)/20. Let h be ((-6)/12)/(g/4). Suppose 109 = 3*j - h*s, -j - 2*s = -6*s - 33. What is the remainder when j is divided by 10?
7
Let v(j) = 5 + 10*j - j**2 - j**2 + 6*j**2 - 3*j**2. Let p be v(-7). Let t = 28 + p. What is the remainder when 44 is divided by t?
8
Suppose -804 = -15*n + 5466. What is the remainder when n is divided by 60?
58
Suppose 2*v = -0*v + 74. Let s be 6/((-108)/(-366)) + (-3)/9. Let p = v - s. Calculate the remainder when 65 is divided by p.
14
Let x = -25 - -67. Let p = -24 + x. Suppose 2*g - 137 = -2*g + 3*i, -2*g = 4*i - 52. Calculate the remainder when g is divided by p.
14
Let s(w) = -3*w + 57. What is the remainder when 21 is divided by s(14)?
6
Calculate the remainder when 101 is divided by (-14 + 8)*(-18)/4.
20
Suppose 1264 + 96 = 10*h. Suppose 4*g - 3*x = -2*x + h, 3*g - 102 = -x. Calculate the remainder when g is divided by 7.
6
Let g(u) = 16 - 2*u - u**3 - 7*u**2 - 2*u + 5*u. Let o be g(-7). Suppose -o*v + 496 = -v. Calculate the remainder when v is divided by 13.
10
Calculate the remainder when 2*(51 + -11 + 22) is divided by 10.
4
Suppose -2*y = -t - 1, -3*y + 3 = -0*t - 3*t. Suppose -3*o - 4*z - 40 = -o, y = z + 5. Calculate the remainder when (-50)/(-125) + (-86)/o is divided by 3.
0
Suppose -35 - 10 = -2*d - f, 0 = -d - 4*f + 33. Calculate the remainder when 2414 is divided by d.
20
Suppose 0 = 2*g + 19 - 11. Let d(w) = w**2 - 5*w + 5. What is the remainder when d(g) is divided by 21?
20
Suppose -3*x = 7*f - 3*f - 4, 3*f - 3 = -x. Suppose -4*h - h - 79 = -l, x = 4*h + 5*l + 69. Let p = h - -29. Calculate the remainder when p is divided by 4.
1
Let i = -11371 + 11385. Let w(u) = u**3 + 5*u**2 + u - 2. What is the remainder when i is divided by w(-2)?
6
Let y(s) = 3*s**2 + 31*s + 33. Calculate the remainder when 461 is divided by y(-12).
89
Suppose -5*v - 6 = 4*z - 15, -1 = -v. Let w = 141 + -137. What is the remainder when -4*z*(-5)/2 is divided by w?
2
Let q = -84 + 118. Calculate the remainder when q is divided by 24.
10
Suppose 16*b = 1869 + 1251. Calculate the remainder when b is divided by 54.
33
Let u(d) = -d**3 + 6*d**2 - 30. Let z be u(5). Calculate the remainder when 6 is divided by (5/z)/(((-6)/(-8))/(-3)).
2
Let s = 27 - 0. Suppose -171*u = -182*u + 110. Calculate the remainder when s is divided by u.
7
Let w = -7 - -41. Suppose 0 = 4*n + 74 - 114. Calculate the remainder when w is divided by n.
4
Let h(y) = y - 6. Let a be h(6). Let r be -6*4/8 - a. Calculate the remainder when -3 - (180/r + 3) is divided by 28.
26
Let l(o) = 33*o**3 - 4*o + 3. What is the remainder when 188 is divided by l(1)?
28
Let n = -253 - -262. Suppose 4*v - 5*v + 26 = 0. What is the remainder when v is divided by n?
8
Let d(z) = 3*z**2 + 6*z - 66. What is the remainder when 145 is divided by d(-8)?
67
Let v = 883 + -732. What is the remainder when v is divided by 73?
5
Let v(x) = x**3 - 11*x**2 + 11*x + 3. Suppose 50 = o + 4*o. What is the remainder when v(o) is divided by 7?
6
Suppose 0*a - 4*a - 244 = 0. Let d = 482 - 600. Let p = a - d. Calculate the remainder when p is divided by 12.
9
Suppose 6765*l = 6780*l - 315. Let r(y) = 15*y**2 - 2*y + 3. What is the remainder when r(2) is divided by l?
17
Suppose -7*c = 4 - 25. Let h = c - -26. What is the remainder when 115 is divided by h?
28
Suppose -2*p - 3*c + 157 = 0, -3*p + 111*c = 112*c - 246. What is the remainder when 323 is divided by p?
74
Let a = 38 - 38. Suppose a = 8*p - 78 - 122. What is the remainder when p is divided by 14?
11
Let m = 2 - -23. Suppose -52 = -7*k + m. Calculate the remainder when 39 is divided by k.
6
Suppose 2*u - 4*s + 6*s - 24 = 0, 4*u - 5*s = 66. Let v = u - 10. Calculate the remainder when 4 is divided by v.
0
Suppose -2*w + 107 = -5*c - 37, 2*c - w + 58 = 0. Let g = c + 39. What is the remainder when 54 is divided by g?
10
Suppose 193 = 13*s - 15. Suppose s*d - 171 = 2245. What is the remainder when d is divided by 19?
18
Let k = 40 - -65. What is the remainder when k is divided by 27?
24
Let t = -665 + 685. What is the remainder when 78 is divided by t?
18
Let r = -62 + 59. What is the remainder when (-178)/r + (-4)/12 is divided by 22?
15
Let o be 504/54*(-18)/7. Let x = o + 23. What is the remainder when -6*(75/(-6) - x) is divided by 18?
15
Suppose 11*g = 50 + 38. What is the remainder when g is divided by 7?
1
Suppose 1400 = -88*q + 113*q. What is the remainder when 219 is divided by q?
51
Let a = 71 + 4. Let d = -21 + a. What is the remainder when d is divided by 15?
9
Suppose -137 = -q + c, -3*q - 33 = -4*c - 449. Suppose -363 = -38*l + 723 - 364. Calculate the remainder when q is divided by l.
18
Let m(k) = 3*k**2 - 50*k + 153. What is the remainder when m(17) is divided by 40?
10
Calculate the remainder when (-5200)/(-160)*((-48)/(-10))/3 is divided by 11.
8
Calculate the remainder when 117 is divided by (-1 - 49/21)/((-4)/42).
12
Let a = 757 - 715. What is the remainder when 212 is divided by a?
2
Suppose -4*m + 198 = -3*g, -2*g + 1 = -3. Suppose 33*y - 29*y = -4*v + 88, -5*v - 16 = -2*y. What is the remainder when m is divided by y?
15
Let a(l) = 14*l + 182. Calculate the remainder when 164 is divided by a(-10).
38
What is the remainder when 150 is divided by 86/4 - 5/2?
17
Let h = -9 - -17. Suppose 0 = -2*w + 8, -a = 5*w - h*w + 24. Calculate the remainder when (-3)/a + 62/8 is divided by 3.
2
Suppose -17 = -2*w + 21. Suppose -43 = -z + 12. What is the remainder when z is divided by w?
17
Let g = -2406 - -2426. Let i(j) = -15*j + 8. What is the remainder when i(-6) is divided by g?
18
Let w = -1 - -21. Let i be 1/3 + 114/9. Let p = -6 + i. Calculate the remainder when w is divided by p.
6
Let r(q) = q**2 - 13*q - 10. Let k be r(14). Suppose k*x = 5*x - 9. Calculate the remainder when -68*(-2 - 6/(-4)) is divided by x.
7
Calculate the remainder when -4 + 2 - (1 + -34) is divided by 12 - 14 - (-2 + 5 - 21).
15
Let z be (-1 - -12) + 19/(-19). Let f(y) = y**3 - 11*y**2 + 13*y - 11. What is the remainder when f(z) is divided by 11?
8
Suppose -5*y - 5*a - 119 = 6, -2*y + 4*a - 50 = 0. Let i = y + -51. What is the remainder when 2/(-4)*i/2 is divided by 5?
4
Let u(p) = -15*p - 493. What is the remainder when 43 is divided by u(-33)?
1
What is the remainder when 98 is divided by 2 + (6 - 6) + 3?
3
Let b = -933 - -1652. What is the remainder when b is divided by 48?
47
Suppose y - 10 = 5*r, r + 1 = -y + 23. Calculate the remainder when 237 is divided by y.
17
Suppose -1323 = 17*k - 26*k. Calculate the remainder when k is divided by 68.
11
Suppose -26*l = -27*l + 36. Suppose -f = -5*f + 52. What is the remainder when l is divided by f?
10
Suppose 2*d = 2*x - 6, -d + 2*x = -0 + 2. Let j be ((-2)/d)/((-3)/(-6)). Calculate the remainder when 1 + 0 + j - -8 is divided by 6.
4
Let r(o) = o**3 + 27*o**2 - 31*o - 37. What is the remainder when 229 is divided by r(-28)?
41
Let t(z) = z**3 + 3*z**2 - 5*z + 6. Calculate the remainder when t(-3) is divided by 14.
7
Let n(l) be the second derivative of 2*l**3/3 - 5*l**2/2 - 3*l. What is the remainder when (-2*(-18)/(-24))/((-1)/38) is divided by n(5)?
12
What is the remainder when 197 is divided by (-609)/(-28) - (-2)/8?
21
Let m be (5 - (1 - -3))*5. Suppose m*r - 2*j + 5 = 0, 5*r - 7*j = -2*j - 5. Calculate the remainder when 47 is divided by (3 - 2)*(25 + r).
23
Suppose 3*z - 6*z = 0. Let c = -181 - -191. Calculate the remainder when -2 - (z/2 + -19) is divided by c.
7
Let p be 2 + -2 + 2 + -2. Let y = p - -4. Let l = 1 + 1. Calculate the remainder when y is divided by l.
0
Let k(u) = 10*u**2 + 22*u**3 + 17*u**3 - 38*u**3 + 12. Calculate the remainder when 106 is divided by k(-10).
10
Suppose 23*t - 24*t + 2 = 0. Calculate the remainder when 11 - (t + -5 - 2) is divided by 10.
6
Let z(c) = 4*c - 90. Let r be z(23). Suppose 8 = r*m - 0. What is the remainder when 10